{"id":1941,"date":"2025-11-04T16:22:10","date_gmt":"2025-11-04T15:22:10","guid":{"rendered":"https:\/\/www.galeriedelacascade.com\/site\/?page_id=1941"},"modified":"2025-12-28T17:56:03","modified_gmt":"2025-12-28T16:56:03","slug":"deballage-hivernage-25","status":"publish","type":"page","link":"https:\/\/www.galeriedelacascade.com\/site\/deballage-hivernage-25\/","title":{"rendered":"D\u00c9BALLAGE AVANT HIVERNAGE 2025"},"content":{"rendered":"\n<h3 class=\"wp-block-heading\">le 29 et 30 novembre, le 6 et 7 d\u00e9cembre 2025<\/h3>\n\n\n\n<p>Pour terminer la riche ann\u00e9e 2025 de la GALERIE DE LA CASCADE (avant une pause in\u00e9luctable vu la quasi impossibilit\u00e9 de chauffage de nos locaux), nous vous avons propos\u00e9 un <strong style=\"color:#cb001e; font-weight:bold\">\u00ab\u00a0d\u00e9ballage avant hivernage\u00a0\u00bb<\/strong> sur un mode plut\u00f4t informel, une sorte de <strong style=\"color:#cb001e; font-weight:bold\">foire aux \u0153uvres<\/strong> ou chaque artiste dispose d\u2019un espace tir\u00e9 au sort et y montre ce qu\u2019il voudra.<\/p>\n\n\n<div class=\"wp-block-image\">\n<figure class=\"aligncenter size-full\"><img loading=\"lazy\" decoding=\"async\" width=\"2074\" height=\"881\" src=\"https:\/\/www.galeriedelacascade.com\/site\/wp-content\/uploads\/2024\/11\/deballage-exterieur.jpg\" alt=\"\" class=\"wp-image-1511\" srcset=\"https:\/\/www.galeriedelacascade.com\/site\/wp-content\/uploads\/2024\/11\/deballage-exterieur.jpg 2074w, https:\/\/www.galeriedelacascade.com\/site\/wp-content\/uploads\/2024\/11\/deballage-exterieur-300x127.jpg 300w, https:\/\/www.galeriedelacascade.com\/site\/wp-content\/uploads\/2024\/11\/deballage-exterieur-1024x435.jpg 1024w, https:\/\/www.galeriedelacascade.com\/site\/wp-content\/uploads\/2024\/11\/deballage-exterieur-768x326.jpg 768w, https:\/\/www.galeriedelacascade.com\/site\/wp-content\/uploads\/2024\/11\/deballage-exterieur-1536x652.jpg 1536w, https:\/\/www.galeriedelacascade.com\/site\/wp-content\/uploads\/2024\/11\/deballage-exterieur-2048x870.jpg 2048w\" sizes=\"auto, (max-width: 2074px) 100vw, 2074px\" \/><\/figure>\n<\/div>\n\n\n<div style=\"height:30px\" aria-hidden=\"true\" class=\"wp-block-spacer\"><\/div>\n\n\n\n<p>C\u2019\u00e9tait l\u2019occasion de rencontres avec les artistes autour d\u2019un <strong style=\"color:#cb001e; font-weight:bold\">vin chaud<\/strong>, d\u2019un <strong style=\"color:#cb001e; font-weight:bold\">morceau de fouace<\/strong> et <strong style=\"color:#cb001e; font-weight:bold\">des \u0153uvres<\/strong>. Pour cette troisi\u00e8me \u00e9dition nous avons ouvert nos cimaises \u00e0 12 peintres et photographes vivants en Aveyron\u00a0:<\/p>\n\n\n\n<p><strong>Gr\u00e9goire&nbsp;<span style=\"color:#cb001e\">COUDERC<\/span> | Ir\u00e8ne <span style=\"color:#cb001e\">FAU<\/span> | Vincent&nbsp;<span style=\"color:#cb001e\">ALLIOT<\/span> | Guy <span style=\"color:#cb001e\">SOUNILLAC<\/span> | JC <span style=\"color:#cb001e\">LEROUX<\/span> | Jean Luc <span style=\"color:#cb001e\">FAU<\/span> | Marie Claude <span style=\"color:#cb001e\">CAVAGNAC<\/span> | Dider&nbsp;<span style=\"color:#cb001e\">SABY<\/span> | Patrick <span style=\"color:#cb001e\">CAYROU<\/span> | <span style=\"color:#cb001e\">JICE<\/span> | Serge <span style=\"color:#cb001e\">BONNET<\/span> | Anne&nbsp;<span style=\"color:#cb001e\">BAIL-DECAN<\/span><\/strong><\/p>\n\n\n\n<p>Apr\u00e8s avoir montr\u00e9 des artistes vivants et travaillant en Occitanie mais aussi ailleurs en France et \u00e0 l\u2019\u00e9tranger, c\u2019\u00e9tait l\u2019occasion de voir et revoir une partie de la cr\u00e9ation Aveyronnaise.<\/p>\n\n\n\n<p>Une belle rencontre autour des \u0153uvres sous le signe de la convivialit\u00e9 dont le mot d\u2019ordre \u00e9tait\u00a0<strong><mark style=\"background-color:rgba(0, 0, 0, 0);color:#CB001E\" class=\"has-inline-color\">\u00ab\u00a0Fouace, palabres et vin chaud\u00a0\u00bb<\/mark><\/strong>.<\/p>\n\n\n\n<div style=\"height:30px\" aria-hidden=\"true\" class=\"wp-block-spacer\"><\/div>\n","protected":false},"excerpt":{"rendered":"<p>le 29 et 30 novembre, le 6 et 7 d\u00e9cembre 2025 Pour terminer la riche ann\u00e9e 2025 de la GALERIE DE LA CASCADE (avant une pause in\u00e9luctable vu la quasi impossibilit\u00e9 de chauffage de nos locaux), nous vous avons propos\u00e9 un \u00ab\u00a0d\u00e9ballage avant hivernage\u00a0\u00bb sur un mode plut\u00f4t informel, une sorte de foire aux \u0153uvres &hellip; <\/p>\n<p class=\"link-more\"><a href=\"https:\/\/www.galeriedelacascade.com\/site\/deballage-hivernage-25\/\" class=\"more-link\">Continue reading<span class=\"screen-reader-text\"> \u00ab\u00a0D\u00c9BALLAGE AVANT HIVERNAGE 2025\u00a0\u00bb<\/span><\/a><\/p>\n","protected":false},"author":1,"featured_media":1943,"parent":0,"menu_order":0,"comment_status":"closed","ping_status":"closed","template":"","meta":{"footnotes":""},"class_list":["post-1941","page","type-page","status-publish","has-post-thumbnail","hentry"],"_links":{"self":[{"href":"https:\/\/www.galeriedelacascade.com\/site\/wp-json\/wp\/v2\/pages\/1941","targetHints":{"allow":["GET"]}}],"collection":[{"href":"https:\/\/www.galeriedelacascade.com\/site\/wp-json\/wp\/v2\/pages"}],"about":[{"href":"https:\/\/www.galeriedelacascade.com\/site\/wp-json\/wp\/v2\/types\/page"}],"author":[{"embeddable":true,"href":"https:\/\/www.galeriedelacascade.com\/site\/wp-json\/wp\/v2\/users\/1"}],"replies":[{"embeddable":true,"href":"https:\/\/www.galeriedelacascade.com\/site\/wp-json\/wp\/v2\/comments?post=1941"}],"version-history":[{"count":9,"href":"https:\/\/www.galeriedelacascade.com\/site\/wp-json\/wp\/v2\/pages\/1941\/revisions"}],"predecessor-version":[{"id":1989,"href":"https:\/\/www.galeriedelacascade.com\/site\/wp-json\/wp\/v2\/pages\/1941\/revisions\/1989"}],"wp:featuredmedia":[{"embeddable":true,"href":"https:\/\/www.galeriedelacascade.com\/site\/wp-json\/wp\/v2\/media\/1943"}],"wp:attachment":[{"href":"https:\/\/www.galeriedelacascade.com\/site\/wp-json\/wp\/v2\/media?parent=1941"}],"curies":[{"name":"wp","href":"https:\/\/api.w.org\/{rel}","templated":true}]}}